119 and 23015599.
1373
Calculate the highest common factor of 12721482 and 91314.
4806
What is the greatest common factor of 13328 and 75376?
112
Calculate the greatest common divisor of 511684289 and 23.
23
What is the highest common factor of 37546515 and 15?
15
What is the greatest common factor of 10306254 and 13818?
1974
What is the highest common divisor of 142155838 and 2398?
2398
What is the greatest common factor of 28 and 2361569?
7
What is the highest common divisor of 1019 and 546977801?
1019
What is the highest common factor of 68780402 and 22958?
1766
Calculate the highest common divisor of 66906 and 221172.
42
Calculate the greatest common factor of 1179630374 and 26.
26
Calculate the greatest common divisor of 1373772593 and 37.
37
What is the greatest common factor of 22257 and 429797508?
7419
What is the highest common factor of 27680 and 2875?
5
What is the greatest common divisor of 8448 and 3894?
66
Calculate the highest common divisor of 2255037 and 23136.
723
What is the greatest common factor of 170517 and 54918?
339
Calculate the greatest common factor of 1152 and 574408.
8
What is the greatest common divisor of 37195 and 28261280?
865
What is the greatest common divisor of 6202105 and 715?
65
What is the greatest common factor of 12636 and 6679422?
162
Calculate the greatest common divisor of 1881 and 8701677.
171
What is the highest common factor of 282 and 1164474585?
141
Calculate the greatest common divisor of 1473 and 36307977.
1473
Calculate the highest common divisor of 312399 and 124690.
337
What is the highest common divisor of 244330 and 2260?
10
What is the greatest common factor of 49 and 9844002?
49
What is the highest common divisor of 3192 and 24528696?
456
Calculate the highest common factor of 39984 and 34897800.
1176
Calculate the highest common divisor of 250289 and 26658.
1481
What is the highest common factor of 591803 and 667?
29
Calculate the greatest common divisor of 148 and 664604.
4
What is the greatest common factor of 1520034 and 2091?
123
What is the greatest common divisor of 170090 and 4240?
10
What is the greatest common factor of 10696 and 209609512?
10696
What is the greatest common factor of 2599 and 77883329?
113
Calculate the greatest common factor of 1755 and 139581.
117
What is the highest common divisor of 2762134 and 15428?
58
Calculate the highest common divisor of 221 and 37951021.
17
What is the greatest common factor of 523751 and 202619?
3823
Calculate the highest common divisor of 2104 and 5498804.
1052
Calculate the highest common factor of 17059 and 65849.
7
What is the greatest common factor of 1643782 and 1442?
14
Calculate the greatest common divisor of 162 and 308293506.
54
Calculate the greatest common factor of 434800 and 490.
10
What is the greatest common factor of 90462 and 2202?
6
Calculate the highest common divisor of 413 and 1068109.
7
What is the greatest common divisor of 3475 and 2198225?
25
Calculate the greatest common factor of 17 and 10222321.
17
Calculate the greatest common factor of 600 and 6679560.
120
Calculate the greatest common divisor of 71 and 349957154.
71
What is the highest common divisor of 2996 and 39712087?
107
Calculate the greatest common factor of 19547787 and 175.
7
Calculate the greatest common factor of 19735 and 124551532.
3947
Calculate the highest common factor of 2517 and 143745.
3
What is the greatest common divisor of 4966 and 4961798?
382
Calculate the highest common factor of 301548 and 14508.
156
What is the greatest common factor of 1946201 and 5872?
367
What is the highest common factor of 2031718 and 23660?
338
Calculate the highest common factor of 4004 and 4568993.
143
Calculate the greatest common divisor of 6957440 and 389803.
1553
What is the highest common factor of 5482624 and 8400?
112
What is the highest common divisor of 10793 and 322973?
43
Calculate the greatest common factor of 36764280 and 252720.
3240
Calculate the greatest common divisor of 8414440 and 1180.
20
What is the highest common divisor of 8 and 323822400?
8
Calculate the greatest common divisor of 4171 and 2319367.
97
What is the highest common factor of 3192376 and 704?
88
What is the greatest common divisor of 790 and 164752130?
790
Calculate the greatest common divisor of 13720 and 41960.
40
What is the highest common factor of 9711 and 5918094?
117
What is the greatest common factor of 524837 and 3059?
437
What is the greatest common factor of 89550 and 91350?
450
Calculate the highest common divisor of 91928090 and 5.
5
What is the greatest common divisor of 47401 and 1458799?
443
Calculate the highest common divisor of 19954644 and 7597.
107
What is the highest common factor of 2259056862 and 6014?
6014
Calculate the highest common factor of 279 and 5288724.
279
Calculate the highest common divisor of 1081 and 776816.
47
Calculate the highest common divisor of 233317979 and 202.
101
What is the greatest common factor of 3126 and 582220626?
3126
What is the highest common factor of 1523189 and 43?
43
What is the highest common factor of 3390491 and 13?
13
Calculate the greatest common divisor of 140 and 944018985.
35
Calculate the highest common divisor of 1037264 and 202199.
241
What is the greatest common factor of 3034 and 110191846?
3034
What is the greatest common factor of 1072 and 335086296?
536
What is the greatest common divisor of 714 and 3004722?
42
What is the greatest common factor of 1329604 and 1836?
68
What is the greatest common divisor of 2601492 and 348?
12
What is the highest common factor of 365 and 1563587?
73
What is the highest common factor of 2033 and 229387?
19
Calculate the highest common divisor of 85966328 and 280.
56
Calculate the greatest common factor of 6454 and 20398.
14
What is the highest common divisor of 10 and 28906045?
5
Calculate the highest common factor of 972 and 273424572.
972
Calculate the greatest common divisor of 3689242 and 34518.
1046
Calculate the greatest common factor of 228503 and 12672.
11
What is the greatest common divisor of 188006 and 2076330?
2066
Calculate the greatest common divisor of 246500 and 6250.
250
What is the highest common factor of 5625 and 164054475?
225
What is the greatest common factor of 3764 and 7364266?
1882
What is the greatest common divisor of 16 and 2838416144?
16
What is the highest common divisor of 80 and 117509660?
20
Calculate the highest common divisor of 3732502 and 6.
2
What is the greatest common factor of 66 and 61017429?
33
Calculate the highest common divisor of 1899 and 20751639.
633
What is the greatest common factor of 13920 and 2318400?
480
Calculate the highest common factor of 379559 and 429862.
4573
Calculate the greatest common factor of 14334266 and 166.
166
What is the greatest common divisor of 2024 and 4829402?
46
Calculate the highest common factor of 108586 and 194.
2
Calculate the greatest common divisor of 84860 and 27600.
20
What is the highest common factor of 107686768 and 574?
14
What is the highest common divisor of 1089 and 1406601?
9
What is the highest common divisor of 17263 and 6920633?
61
What is the highest common factor of 73 and 107796764?
73
What is the greatest common factor of 936882 and 1035?
207
Calculate the greatest common factor of 1052142 and 1131.
39
What is the highest common divisor of 338528649 and 865?
173
What is the highest common factor of 14 and 83720728?
14
What is the highest common factor of 54 and 43895484?
18
Calculate the highest common factor of 9068151 and 3470.
347
What is the highest common divisor of 8783002 and 109?
109
What is the highest common factor of 1746 and 25616439?
873
What is the greatest common factor of 40001 and 6351982?
221
What is the highest common factor of 80539 and 9847?
43
What is the highest common divisor of 4663 and 737178333?
4663
Calculate the greatest common divisor of 19 and 106498477.
19
What is the highest common factor of 2883551 and 484?
121
Calculate the highest common divisor of 7443 and 429229540.
827
Calculate the greatest common divisor of 845870 and 104807.
337
Calculate the greatest common factor of 578128 and 830944.
368
Calculate the greatest common factor of 38465 and 39935.
245
What is the greatest common factor of 1343 and 2447341?
